lculate -20 + -29 + 117 + -37.
31
Calculate 47 + -14 + -5 + -62 + 66.
32
What is -16 - (-11 - (-2 - -67))?
60
Evaluate -86 - -90 - (7 - (79 + -14)).
62
Evaluate -3 + (43 - -24) - (-25 + 16).
73
What is the value of -10 + (7 - (14 - 3 - (-77 + 42)))?
-49
What is the value of 1343 + -1259 + (4 - 59)?
29
Calculate 340 + -348 - (18 + -5).
-21
Calculate 37 + -20 - -26 - (-27 - -2).
68
Evaluate -4 + 13 + -1 - (63 - (-9 - -32)).
-32
Evaluate (3 - 3) + -136 + (11377 - 11339).
-98
-5 - ((179 - 187) + 0 + 12 + 15)
-24
What is (9 - (18 + -5)) + 3 + -11?
-12
What is 27 + 0 + -31 - -6 - (72 - (0 - 2))?
-72
Calculate 0 + (47 - 0) + (-170 - -176 - (0 - -5)).
48
Calculate 6 - (-2 + -1) - (-42 + 8 + -5 - 7).
55
What is (30 - 0) + -4 - (-191 + 211) - 92?
-86
-3 + (-18 - (18 - (11 + -8 + 10)))
-26
(50 - 4 - -19) + (1 - -21) - -12
99
Calculate -7 - ((-5 - (18 + -33)) + 16).
-33
0 + (4 + -5 + 4 - (-12 - (15 + -36)))
-6
What is the value of -37 - (-498 + 491 + -14 + 2)?
-18
Calculate -6 + (14 - 38) + 17 - -16.
3
Evaluate 1 + 0 + -2 - 0 - 31 - (-23 - -19).
-28
(82 - 1) + (53 - 100 - -43)
77
What is the value of 119 + (-27 + 44 + 1 + -7 - (-98 - -121))?
107
29 + 12 + (178 - 187)
32
(21 + (-11 - -1) - -3 - 97) + 11 - 15
-87
Evaluate (-11 - 2) + (-4 - 53) + 54.
-16
Calculate 3 + (-1 - -11) + (10 + (46 - 21) - 30).
18
(2 - -39) + -733 + 719
27
Evaluate -411 + 425 - (-3 - -31).
-14
What is 8 + -19 + -42 + 31 + -2 + (0 - 2)?
-26
-3 + 5 + -4 - (94 - (5 + -11))
-102
Calculate -22 - (-25 - (-44 + 7 + -21)).
-55
Evaluate (2 - -4 - (-10 - (3 + -8))) + 5 + 4.
20
35 - ((45 - -25) + -64)
29
What is the value of -4 - ((-23 + -25 - -23) + -43)?
64
Calculate 3 + 25 + -34 + 39 + -27.
6
Evaluate -65 - 2 - (73 + -67 - (7 + -20 + 12)).
-74
Evaluate 21 - (-2 - 6 - -32) - 40.
-43
What is -46 + (29 - (9 - 48))?
22
Evaluate -22 + (28 - ((-23 - -46) + 3) - (0 + -8)).
-12
What is the value of -46 - (10 + 3 + -10)?
-49
Evaluate 14 + 15 - (-11 - -43 - -25).
-28
What is the value of -1 - -1 - ((11 + -6 - (-5 - 10)) + -2)?
-18
What is 34 - (90 + 93 + -135)?
-14
What is -89 - -66 - -3 - (-46 + 0)?
26
Calculate -282 - -236 - (-1 + 1).
-46
Evaluate -101 + 96 + (11 - 10) + -28.
-32
Calculate 10 + -41 + (-13 - -18) + 13 + 14.
1
What is the value of (15 - 0) + (-60 - (-70 + 34) - -7)?
-2
What is (0 - (6 + (18 - 17 - 6))) + -10?
-11
What is -104 + (-23 - (52 + -151))?
-28
(-8 + (1 - -17) - 21) + 49 + -6
32
-4 - (72 - ((-6 + 23 - -3) + -18))
-74
(-67 + 85 - (12 + 0)) + 6 - (-1 + 4)
9
Evaluate -19 - (-8 + 0 + -10) - (-4 - -14).
-11
Evaluate 275 - 221 - 69 - (7 + -1 + 1).
-22
What is the value of -4 + (1 - 0) - (34 - -20 - 87)?
30
Evaluate (18 - (4 + -2)) + (-9 - -31) + -26.
12
What is 32 - (-17 + 26) - 1?
22
-44 + (32 - -1) + -52 + (13 - 6)
-56
Evaluate 12 + -4 + (-53 + 59 - (-65 - -1)).
78
Evaluate -1 + -1 - ((1 - -11) + -17) - -71.
74
Calculate -166 - (-157 - -2) - (-62 + -2 - 1).
54
-11 + 0 - (0 + (-2 - -6) - 11) - 54
-58
(13 - (48 - 90)) + -18 + 0
37
106 - ((-18 - -18) + (27 - 1))
80
What is the value of (0 - 3 - (26 + (17 - -8))) + 8?
-46
What is the value of (143 - 56 - -20) + 0?
107
What is -9 - (1 - -6 - 21) - (3 + -1 - -2)?
1
What is the value of (-12 + 26 + -20 - -9) + (7 - -18)?
28
What is the value of -6 + (12 - -7) + (-26 - -6) - (-1 + 1)?
-7
-26 + (-15 - 10 - 0) - -20
-31
What is -17 + (43 - (76 + -20)) - (1 + 0)?
-31
-318 - (155 + -587) - (0 + -7)
121
Calculate 1 + -2 + 0 - (53 - 56 - (-1 - -17)).
18
Evaluate (-12 - -3) + 2 + -999 + 953.
-53
-49 + 141 + -107 - -22
7
What is (-15 - (-88 - (10 + 0))) + -11?
72
What is 14 + 332 + -140 + -120?
86
Calculate 22 + (-43 - (-246 - -126)).
99
What is the value of (15 - 7) + 201 + -179?
30
What is the value of (-47 - -27) + -6 + -24 + -14?
-64
Evaluate (-47 - (1 + 0)) + 51 + (-90 - (-79 + 31)).
-39
Evaluate (-520 - -639) + (-21 - 39).
59
-35 + (-1 - -22) - (50 + 4)
-68
What is -95 + -5 - ((-1 - -13) + -3 - (-140 + 160))?
-89
Evaluate 9 + (4 - (4 + 2 + -2 + -24 + -12)).
45
Calculate -24 - ((2 - (-46 + 24)) + -25).
-23
4 + (2 + -3 - ((2 - 18 - -5) + 27))
-13
Evaluate (-270 - (-50 - 68)) + 52.
-100
What is 7 + 0 + 2 + -2 + 8 + (-2060 - -2120)?
75
Calculate (2 - (12 + 6 + -21)) + 5 + 4.
14
What is the value of 112 + 1 + -3 - 3 - (5 - (76 + -74))?
104
-108 + -79 + 173 + (-20 - (1 + 1))
-36
(-7 - (25 + 14 - (-2 + -5))) + 2
-51
Evaluate 0 + 2 + 4 + -2 - (-132 - -132).
4
Evaluate (-47 + 64 - (1 + -6 + 61)) + 20.
-19
(-1 - (11 + -2) - 12) + 15
-7
What is the value of -98 + 88 - (19 - (-2 + 3)) - (-9 + -1)?
-18
Calculate 47 - (116 - 69) - 79.
-79
What is the value of -2 - (-4 - 0) - ((35 - 43) + 31)?
-21
What is the value of -11 + (-23 - 88) - (-15 + -9 + 4)?
-102
Calculate 60 + -96 + 83 + 33.
80
(-48 - 1) + -707 + 725 + -2
-33
What is -53 + (-25 - (-80 - -141))?
-139
What is -55 - (-29 + (35 - 4)) - -8?
-49
Calculate -9 + 35 - 7 - (-2 + 8 - -5) - -61.
69
Calculate 4 - (-59 - -4) - (89 - 118).
88
Calculate -13 + (-2 - -9) + 56 - (-2 + 6).
46
-120 - (-4 - -9) - -124
-1
Evaluate -72 - (8 - (-10 + 1 - (-13 - 25 - -19))).
-70
Evaluate 625 + -685 + 3 + -5 + -2.
-64
Evaluate 30 - (215 - 84) - -51.
-50
Evaluate (-242 - -236) + (-15 - 0) - -22.
1
Evaluate 2181 + -2162 + (0 - 2) + 33.
50
What is -10 - (5 - (5 + 0)) - (21 - (31 + -8))?
-8
-11 - (11 + -16 + 19)
-25
(0 - -2) + 11 - (124 + -38 + -119)
46
What is 13 + -26 + (-35 - -40) + (1 - 14)?
-21
What is (7 - 66) + (42 - 17)?
-34
What is -50 + 30 + -28 - -108?
60
What is 5 - 21 - -12 - (-11 - (-3 - 7 - 64))?
-67
121 - (38 - -84 - 68)
67
Calculate -2240 - -2232 - (-15 - 0).
7
What is the value of 35 + 59 + -70 + 39?
63
Evaluate -28 - (-6 - -10 - 39) - -63.
70
What is the value of -83 + 127 + 244 - 148?
140
What is 144 + (-100 - 154) - -12?
-98
What is the value of -20 + (-1 - 13) + 13 + -3 + -9 + 4?
-29
What is 1937 + -1945 + 8 + (-3 - -3) + (-1 - 1)?
-2
Evaluate -21 - (1 - 32 - (-65 - -47)) - -53.
45
-23 + 67 + -18 + -7 - 22
-3
Calculate (1215 - 1133) + -1 + -116.
-35
What is 440 + -364 - (161 + -12)?
-73
Evaluate 1 + -7 + (2 - (23 - 1) - (-29 + -5)).
8
Calculate (17 - -2) + 4 + (-3 + 8 - 17 - -9).
20
Calculate 1 + -12 + (-19 + -18 + 22 - -3 - -57).
34
What is the value of (76 - (5 - 0)) + -185 + 190?
76
Evaluate -47 + 27 + 66 - 39.
7
Calculate (-3 - 0) + -1 + 11 - (14 - 69 - -76).
-14
Evaluate 9 + -2 - (-2 + 48 - (48 + -96 - -53)).
-34
What is (1 - 0) + -228 + 243 + (-3 - (3 + 24))?
-14
What is -6 - (-11 + 16) - (-240 + 215)?
14
Evaluate 11 - (-2 + 25 + 15 - (10 + 0)).
-17
-40 - -83 - 43 - 27
-27
Calculate (9 - (-22 - (29 - 34))) + -115.
-89
What is (18 - (34 - 50)) + -21 + (1 - 57)?
-43
19 + 26 + -49 + 5 - (0 - 83)
84
Calculate -24 + (-27 - -43 - -6).
-2
-3 + (3 - 5) + (-14 - (72 + -140))
49
What is -53 + 84 - (50 - -9)?
-28
What is -30 + (71 - -7) + -92?
-44
Calculate -1 - 40 - (6 - (2 - -11) - -15 - 10).
-39
77 + -91 - (-6 + 34)
-42
Evaluate 95 - 2 - (-6 - (37 - (70 - 48))).
114
Calculate 5 - (-5 + 3) - (195 - (68 + 19)).
-101
Calculate 5 + 7 + (-21 - -9) + (16 - (-10 - 105)).
131
-8 - ((19 - 66) + 65) - -121
95
Evaluate -45 - (-126 - -36) - 2.
43
What is the value of (185 - -85) + -269 + 2 + (-28 - -2)?
-23
-81 - (44 + -38 + 32 - 45)
-74
Calculate (-3 + -8 - (-9 - (-5 - -38))) + (-7 - -1).
25
What is the value of -34 + 2 + -1 + 17 + 52 + -114 + 47?
-31
What is the value of -4 + -48 - (666 + -676)?
-42
Calculate -51 - (-41 - 17) - -42.
49
What is the value of 24 + -43 + (-50 - -22)?
-47
(327 - 371) + -9 + -8 + 11
-50
Calculate 10 + 32 + -25 - -12.
29
What is the value of (2 - 2 - 4 - -1) + (-2047 - -1956)?
-94
What is 14 - (8 - 4) - (-1064 - -1023)?
51
24 + 121 + -113 - -26
58
20 + -9 - -5 - (38 - -1)
-23
49 - 109 - (-96 + -18)
54
What is the value of 560 + -578 - (-1 - (-2 - -39))?
20
What is -215 - (-114 - (62 + -93))?
-132
What is the value of (71 - 65) + -11 - 46 - (-2 - 6 - -2)?
-45
Evaluate 21 - (47 + -26 + -2 + 5).
-3
What is (-1 - (-34 - -14)) + -28 - 1?
-10
What is the value of -2 + -61 + -2106 + 2132?
-37
What is 24 + (-35 - -53) + -59?
-17
Evaluate -13 - (-63 - (-3 + (-13 - -18))) - 5.
47
Calculate -101 - (-9 - ((-14 - 3) + 70 + -45)).
-84
What is the value of (-2 + (-1 - -1 - 1) - (-1305 - -1306)) + -35?
-39
Calculate 60 + (-25 - (-13 + (-2 - -9))).
41
(23 - (-13 + 45 + -17)) + -3
5
26 + -13 - (-6 -